{"id":152,"date":"2020-07-21T14:17:30","date_gmt":"2020-07-21T12:17:30","guid":{"rendered":"https:\/\/www.nordkongress-urologie.de\/2022\/?page_id=152"},"modified":"2022-05-30T10:01:10","modified_gmt":"2022-05-30T08:01:10","slug":"cme-zertifizierung","status":"publish","type":"page","link":"https:\/\/www.nordkongress-urologie.de\/2022\/informationen\/cme-zertifizierung\/","title":{"rendered":"CME Zertifizierung"},"content":{"rendered":"\t\t<div data-elementor-type=\"wp-page\" data-elementor-id=\"152\" class=\"elementor elementor-152\" data-elementor-post-type=\"page\">\n\t\t\t\t\t\t<section class=\"elementor-section elementor-top-section elementor-element elementor-element-c3eab6b elementor-section-boxed elementor-section-height-default elementor-section-height-default\" data-id=\"c3eab6b\" data-element_type=\"section\">\n\t\t\t\t\t\t<div class=\"elementor-container elementor-column-gap-default\">\n\t\t\t\t\t<div class=\"elementor-column elementor-col-100 elementor-top-column elementor-element elementor-element-bf0f547\" data-id=\"bf0f547\" data-element_type=\"column\">\n\t\t\t<div class=\"elementor-widget-wrap elementor-element-populated\">\n\t\t\t\t\t\t<div class=\"elementor-element elementor-element-1dc5900 elementor-widget elementor-widget-text-editor\" data-id=\"1dc5900\" data-element_type=\"widget\" data-widget_type=\"text-editor.default\">\n\t\t\t\t<div class=\"elementor-widget-container\">\n\t\t\t\t\t\t\t\t\t<p>Der <b>16. Nordkongress f\u00fcr Urologie<\/b> ist eine von der Akademie der Deutschen Urologen in Zusammenarbeit mit der Landes\u00e4rztekammer Th\u00fcringen zertifizierte und evaluierte Veranstaltung. Die erworbenen CME-Punkte werden bundesweit von allen Landes\u00e4rztekammern anerkannt.<br \/>F\u00fcr den Erhalt der gesamten Teilnahmebescheinigungen f\u00fcr den Kongressbesuch m\u00fcssen die Teilnehmenden t\u00e4glich vormittags und nachmittags \u00a0Ihr Namensschild scannen.<br \/>Bitte nutzen Sie ausschlie\u00dflich die Scanner an den beiden Ein- und Ausg\u00e4ngen f\u00fcr die Erfassung der CME-Zertifizierung. Die CME-Punkte werden 2x t\u00e4glich vergeben (Vormittags- und Nachmittags-Sessions).<\/p><p><br \/><b>F\u00fcr den vollst\u00e4ndigen Besuch der einzelnen Kurse\/Workshops bzw. Kongresstage werden<br \/>Ihnen folgende CME-Punkte bescheinigt:<br \/>KONGRESS<\/b><br \/>09. Juni 2022 3 Punkte Kat. B (vormittags)<br \/>09. Juni 2022 3 Punkte Kat. B (nachmittags)<\/p><p>10. Juni 2022 3 Punkte Kat. B (vormittags)<br \/>10. Juni 2022 3 Punkte Kat. B (nachmittags)<\/p>\t\t\t\t\t\t\t\t<\/div>\n\t\t\t\t<\/div>\n\t\t\t\t<div class=\"elementor-element elementor-element-cf027f1 elementor-widget elementor-widget-text-editor\" data-id=\"cf027f1\" data-element_type=\"widget\" data-widget_type=\"text-editor.default\">\n\t\t\t\t<div class=\"elementor-widget-container\">\n\t\t\t\t\t\t\t\t\t<p><strong>KURS <\/strong><\/p>\n<p><\/p>\n<p>Kurs zur Aktualisierung der Fachkunde in der Medizin (R\u00f6ntgen)<br>8 Punkte Kat. H<\/p>\n<p><\/p>\n<p>Refresher-Kurs: Urosonographie 2022 Update (f\u00fcr Einsteiger und Fortgeschrittene mit live-Ultraschall<br>5 Punkte Kat. A<\/p>\n<p><\/p>\n<p>Kurs: Multiparametrisches MRT der Prostata &#8211; Was sollte der Urologe wissen?<br>2 Punkte Kat. A<\/p>\n<p><\/p>\n<p>Die allgemeine Teilnahmebest\u00e4tigung f\u00fcr die Kongressteilnahme je nach Geb\u00fchr sowie f\u00fcr besuchte Kurse\/Workshops erhalten Sie nach dem Kongress zum Download.<\/p>\t\t\t\t\t\t\t\t<\/div>\n\t\t\t\t<\/div>\n\t\t\t\t<div class=\"elementor-element elementor-element-33b55f2 elementor-widget elementor-widget-text-editor\" data-id=\"33b55f2\" data-element_type=\"widget\" data-widget_type=\"text-editor.default\">\n\t\t\t\t<div class=\"elementor-widget-container\">\n\t\t\t\t\t\t\t\t\t<p><strong>Zertifizierung f\u00fcr urologisches Assistenz\u2013 und Pflegepersonal<\/strong><br \/>F\u00fcr die Tagung werden folgende Fortbildungspunkte f\u00fcr urologische Assistenz- und Pflegeberufe im Rahmen der \u201eRegistrierung beruflich Pflegender\u201c vergeben:<br \/>Juni 2022 Fortbildung 1<br \/>TeamAkademie: Pflegekongress <strong>6 Punkte <\/strong><\/p>\t\t\t\t\t\t\t\t<\/div>\n\t\t\t\t<\/div>\n\t\t\t\t\t<\/div>\n\t\t<\/div>\n\t\t\t\t\t<\/div>\n\t\t<\/section>\n\t\t\t\t<section class=\"elementor-section elementor-top-section elementor-element elementor-element-568040a elementor-section-boxed elementor-section-height-default elementor-section-height-default\" data-id=\"568040a\" data-element_type=\"section\">\n\t\t\t\t\t\t<div class=\"elementor-container elementor-column-gap-default\">\n\t\t\t\t\t<div class=\"elementor-column elementor-col-100 elementor-top-column elementor-element elementor-element-bf5ffc0\" data-id=\"bf5ffc0\" data-element_type=\"column\">\n\t\t\t<div class=\"elementor-widget-wrap\">\n\t\t\t\t\t\t\t<\/div>\n\t\t<\/div>\n\t\t\t\t\t<\/div>\n\t\t<\/section>\n\t\t\t\t<\/div>\n\t\t","protected":false},"excerpt":{"rendered":"<p>Der 16. Nordkongress f\u00fcr Urologie ist eine von der Akademie der Deutschen Urologen in Zusammenarbeit mit der Landes\u00e4rztekammer Th\u00fcringen zertifizierte und evaluierte Veranstaltung. Die erworbenen CME-Punkte werden bundesweit von allen Landes\u00e4rztekammern anerkannt.F\u00fcr den Erhalt der gesamten Teilnahmebescheinigungen f\u00fcr den Kongressbesuch m\u00fcssen die Teilnehmenden t\u00e4glich vormittags und nachmittags \u00a0Ihr Namensschild scannen.Bitte nutzen Sie ausschlie\u00dflich die Scanner [&hellip;]<\/p>\n","protected":false},"author":8,"featured_media":0,"parent":141,"menu_order":6,"comment_status":"closed","ping_status":"closed","template":"","meta":{"ocean_post_layout":"","ocean_both_sidebars_style":"","ocean_both_sidebars_content_width":0,"ocean_both_sidebars_sidebars_width":0,"ocean_sidebar":"0","ocean_second_sidebar":"0","ocean_disable_margins":"enable","ocean_add_body_class":"","ocean_shortcode_before_top_bar":"","ocean_shortcode_after_top_bar":"","ocean_shortcode_before_header":"","ocean_shortcode_after_header":"","ocean_has_shortcode":"","ocean_shortcode_after_title":"","ocean_shortcode_before_footer_widgets":"","ocean_shortcode_after_footer_widgets":"","ocean_shortcode_before_footer_bottom":"","ocean_shortcode_after_footer_bottom":"","ocean_display_top_bar":"default","ocean_display_header":"default","ocean_header_style":"","ocean_center_header_left_menu":"0","ocean_custom_header_template":"0","ocean_custom_logo":0,"ocean_custom_retina_logo":0,"ocean_custom_logo_max_width":0,"ocean_custom_logo_tablet_max_width":0,"ocean_custom_logo_mobile_max_width":0,"ocean_custom_logo_max_height":0,"ocean_custom_logo_tablet_max_height":0,"ocean_custom_logo_mobile_max_height":0,"ocean_header_custom_menu":"0","ocean_menu_typo_font_family":"0","ocean_menu_typo_font_subset":"","ocean_menu_typo_font_size":0,"ocean_menu_typo_font_size_tablet":0,"ocean_menu_typo_font_size_mobile":0,"ocean_menu_typo_font_size_unit":"px","ocean_menu_typo_font_weight":"","ocean_menu_typo_font_weight_tablet":"","ocean_menu_typo_font_weight_mobile":"","ocean_menu_typo_transform":"","ocean_menu_typo_transform_tablet":"","ocean_menu_typo_transform_mobile":"","ocean_menu_typo_line_height":0,"ocean_menu_typo_line_height_tablet":0,"ocean_menu_typo_line_height_mobile":0,"ocean_menu_typo_line_height_unit":"","ocean_menu_typo_spacing":0,"ocean_menu_typo_spacing_tablet":0,"ocean_menu_typo_spacing_mobile":0,"ocean_menu_typo_spacing_unit":"","ocean_menu_link_color":"","ocean_menu_link_color_hover":"","ocean_menu_link_color_active":"","ocean_menu_link_background":"","ocean_menu_link_hover_background":"","ocean_menu_link_active_background":"","ocean_menu_social_links_bg":"","ocean_menu_social_hover_links_bg":"","ocean_menu_social_links_color":"","ocean_menu_social_hover_links_color":"","ocean_disable_title":"default","ocean_disable_heading":"default","ocean_post_title":"","ocean_post_subheading":"","ocean_post_title_style":"","ocean_post_title_background_color":"","ocean_post_title_background":0,"ocean_post_title_bg_image_position":"","ocean_post_title_bg_image_attachment":"","ocean_post_title_bg_image_repeat":"","ocean_post_title_bg_image_size":"","ocean_post_title_height":0,"ocean_post_title_bg_overlay":0.5,"ocean_post_title_bg_overlay_color":"","ocean_disable_breadcrumbs":"default","ocean_breadcrumbs_color":"","ocean_breadcrumbs_separator_color":"","ocean_breadcrumbs_links_color":"","ocean_breadcrumbs_links_hover_color":"","ocean_display_footer_widgets":"default","ocean_display_footer_bottom":"default","ocean_custom_footer_template":"0","footnotes":""},"class_list":["post-152","page","type-page","status-publish","hentry","entry"],"yoast_head":"<!-- This site is optimized with the Yoast SEO plugin v26.7 - https:\/\/yoast.com\/wordpress\/plugins\/seo\/ -->\n<title>CME Zertifizierung - 16. Nordkongress Urologie<\/title>\n<meta name=\"robots\" content=\"index, follow, max-snippet:-1, max-image-preview:large, max-video-preview:-1\" \/>\n<link rel=\"canonical\" href=\"https:\/\/www.nordkongress-urologie.de\/2022\/informationen\/cme-zertifizierung\/\" \/>\n<meta property=\"og:locale\" content=\"de_DE\" \/>\n<meta property=\"og:type\" content=\"article\" \/>\n<meta property=\"og:title\" content=\"CME Zertifizierung - 16. Nordkongress Urologie\" \/>\n<meta property=\"og:description\" content=\"Der 16. Nordkongress f\u00fcr Urologie ist eine von der Akademie der Deutschen Urologen in Zusammenarbeit mit der Landes\u00e4rztekammer Th\u00fcringen zertifizierte und evaluierte Veranstaltung. Die erworbenen CME-Punkte werden bundesweit von allen Landes\u00e4rztekammern anerkannt.F\u00fcr den Erhalt der gesamten Teilnahmebescheinigungen f\u00fcr den Kongressbesuch m\u00fcssen die Teilnehmenden t\u00e4glich vormittags und nachmittags \u00a0Ihr Namensschild scannen.Bitte nutzen Sie ausschlie\u00dflich die Scanner [&hellip;]\" \/>\n<meta property=\"og:url\" content=\"https:\/\/www.nordkongress-urologie.de\/2022\/informationen\/cme-zertifizierung\/\" \/>\n<meta property=\"og:site_name\" content=\"16. Nordkongress Urologie\" \/>\n<meta property=\"article:modified_time\" content=\"2022-05-30T08:01:10+00:00\" \/>\n<meta name=\"twitter:card\" content=\"summary_large_image\" \/>\n<meta name=\"twitter:label1\" content=\"Gesch\u00e4tzte Lesezeit\" \/>\n\t<meta name=\"twitter:data1\" content=\"2\u00a0Minuten\" \/>\n<script type=\"application\/ld+json\" class=\"yoast-schema-graph\">{\"@context\":\"https:\/\/schema.org\",\"@graph\":[{\"@type\":\"WebPage\",\"@id\":\"https:\/\/www.nordkongress-urologie.de\/2022\/informationen\/cme-zertifizierung\/\",\"url\":\"https:\/\/www.nordkongress-urologie.de\/2022\/informationen\/cme-zertifizierung\/\",\"name\":\"CME Zertifizierung - 16. Nordkongress Urologie\",\"isPartOf\":{\"@id\":\"https:\/\/www.nordkongress-urologie.de\/2022\/#website\"},\"datePublished\":\"2020-07-21T12:17:30+00:00\",\"dateModified\":\"2022-05-30T08:01:10+00:00\",\"breadcrumb\":{\"@id\":\"https:\/\/www.nordkongress-urologie.de\/2022\/informationen\/cme-zertifizierung\/#breadcrumb\"},\"inLanguage\":\"de\",\"potentialAction\":[{\"@type\":\"ReadAction\",\"target\":[\"https:\/\/www.nordkongress-urologie.de\/2022\/informationen\/cme-zertifizierung\/\"]}]},{\"@type\":\"BreadcrumbList\",\"@id\":\"https:\/\/www.nordkongress-urologie.de\/2022\/informationen\/cme-zertifizierung\/#breadcrumb\",\"itemListElement\":[{\"@type\":\"ListItem\",\"position\":1,\"name\":\"Startseite\",\"item\":\"https:\/\/www.nordkongress-urologie.de\/2022\/\"},{\"@type\":\"ListItem\",\"position\":2,\"name\":\"Allgemeine Informationen\",\"item\":\"https:\/\/www.nordkongress-urologie.de\/2022\/informationen\/\"},{\"@type\":\"ListItem\",\"position\":3,\"name\":\"CME Zertifizierung\"}]},{\"@type\":\"WebSite\",\"@id\":\"https:\/\/www.nordkongress-urologie.de\/2022\/#website\",\"url\":\"https:\/\/www.nordkongress-urologie.de\/2022\/\",\"name\":\"16. Nordkongress Urologie\",\"description\":\"Digital in die Zukunft!\",\"potentialAction\":[{\"@type\":\"SearchAction\",\"target\":{\"@type\":\"EntryPoint\",\"urlTemplate\":\"https:\/\/www.nordkongress-urologie.de\/2022\/?s={search_term_string}\"},\"query-input\":{\"@type\":\"PropertyValueSpecification\",\"valueRequired\":true,\"valueName\":\"search_term_string\"}}],\"inLanguage\":\"de\"}]}<\/script>\n<!-- \/ Yoast SEO plugin. -->","yoast_head_json":{"title":"CME Zertifizierung - 16. Nordkongress Urologie","robots":{"index":"index","follow":"follow","max-snippet":"max-snippet:-1","max-image-preview":"max-image-preview:large","max-video-preview":"max-video-preview:-1"},"canonical":"https:\/\/www.nordkongress-urologie.de\/2022\/informationen\/cme-zertifizierung\/","og_locale":"de_DE","og_type":"article","og_title":"CME Zertifizierung - 16. Nordkongress Urologie","og_description":"Der 16. Nordkongress f\u00fcr Urologie ist eine von der Akademie der Deutschen Urologen in Zusammenarbeit mit der Landes\u00e4rztekammer Th\u00fcringen zertifizierte und evaluierte Veranstaltung. Die erworbenen CME-Punkte werden bundesweit von allen Landes\u00e4rztekammern anerkannt.F\u00fcr den Erhalt der gesamten Teilnahmebescheinigungen f\u00fcr den Kongressbesuch m\u00fcssen die Teilnehmenden t\u00e4glich vormittags und nachmittags \u00a0Ihr Namensschild scannen.Bitte nutzen Sie ausschlie\u00dflich die Scanner [&hellip;]","og_url":"https:\/\/www.nordkongress-urologie.de\/2022\/informationen\/cme-zertifizierung\/","og_site_name":"16. Nordkongress Urologie","article_modified_time":"2022-05-30T08:01:10+00:00","twitter_card":"summary_large_image","twitter_misc":{"Gesch\u00e4tzte Lesezeit":"2\u00a0Minuten"},"schema":{"@context":"https:\/\/schema.org","@graph":[{"@type":"WebPage","@id":"https:\/\/www.nordkongress-urologie.de\/2022\/informationen\/cme-zertifizierung\/","url":"https:\/\/www.nordkongress-urologie.de\/2022\/informationen\/cme-zertifizierung\/","name":"CME Zertifizierung - 16. Nordkongress Urologie","isPartOf":{"@id":"https:\/\/www.nordkongress-urologie.de\/2022\/#website"},"datePublished":"2020-07-21T12:17:30+00:00","dateModified":"2022-05-30T08:01:10+00:00","breadcrumb":{"@id":"https:\/\/www.nordkongress-urologie.de\/2022\/informationen\/cme-zertifizierung\/#breadcrumb"},"inLanguage":"de","potentialAction":[{"@type":"ReadAction","target":["https:\/\/www.nordkongress-urologie.de\/2022\/informationen\/cme-zertifizierung\/"]}]},{"@type":"BreadcrumbList","@id":"https:\/\/www.nordkongress-urologie.de\/2022\/informationen\/cme-zertifizierung\/#breadcrumb","itemListElement":[{"@type":"ListItem","position":1,"name":"Startseite","item":"https:\/\/www.nordkongress-urologie.de\/2022\/"},{"@type":"ListItem","position":2,"name":"Allgemeine Informationen","item":"https:\/\/www.nordkongress-urologie.de\/2022\/informationen\/"},{"@type":"ListItem","position":3,"name":"CME Zertifizierung"}]},{"@type":"WebSite","@id":"https:\/\/www.nordkongress-urologie.de\/2022\/#website","url":"https:\/\/www.nordkongress-urologie.de\/2022\/","name":"16. Nordkongress Urologie","description":"Digital in die Zukunft!","potentialAction":[{"@type":"SearchAction","target":{"@type":"EntryPoint","urlTemplate":"https:\/\/www.nordkongress-urologie.de\/2022\/?s={search_term_string}"},"query-input":{"@type":"PropertyValueSpecification","valueRequired":true,"valueName":"search_term_string"}}],"inLanguage":"de"}]}},"_links":{"self":[{"href":"https:\/\/www.nordkongress-urologie.de\/2022\/wp-json\/wp\/v2\/pages\/152","targetHints":{"allow":["GET"]}}],"collection":[{"href":"https:\/\/www.nordkongress-urologie.de\/2022\/wp-json\/wp\/v2\/pages"}],"about":[{"href":"https:\/\/www.nordkongress-urologie.de\/2022\/wp-json\/wp\/v2\/types\/page"}],"author":[{"embeddable":true,"href":"https:\/\/www.nordkongress-urologie.de\/2022\/wp-json\/wp\/v2\/users\/8"}],"replies":[{"embeddable":true,"href":"https:\/\/www.nordkongress-urologie.de\/2022\/wp-json\/wp\/v2\/comments?post=152"}],"version-history":[{"count":40,"href":"https:\/\/www.nordkongress-urologie.de\/2022\/wp-json\/wp\/v2\/pages\/152\/revisions"}],"predecessor-version":[{"id":2760,"href":"https:\/\/www.nordkongress-urologie.de\/2022\/wp-json\/wp\/v2\/pages\/152\/revisions\/2760"}],"up":[{"embeddable":true,"href":"https:\/\/www.nordkongress-urologie.de\/2022\/wp-json\/wp\/v2\/pages\/141"}],"wp:attachment":[{"href":"https:\/\/www.nordkongress-urologie.de\/2022\/wp-json\/wp\/v2\/media?parent=152"}],"curies":[{"name":"wp","href":"https:\/\/api.w.org\/{rel}","templated":true}]}}