{"id":1831,"date":"2021-09-08T13:46:59","date_gmt":"2021-09-08T11:46:59","guid":{"rendered":"https:\/\/www.nordkongress-urologie.de\/2024\/?page_id=1831"},"modified":"2023-10-02T13:33:26","modified_gmt":"2023-10-02T11:33:26","slug":"ueber-luebeck","status":"publish","type":"page","link":"https:\/\/www.nordkongress-urologie.de\/2024\/veranstaltungsort\/ueber-luebeck\/","title":{"rendered":"\u00dcber L\u00fcbeck"},"content":{"rendered":"\t\t<div data-elementor-type=\"wp-page\" data-elementor-id=\"1831\" class=\"elementor elementor-1831\" data-elementor-post-type=\"page\">\n\t\t\t\t\t\t<section data-particle_enable=\"false\" data-particle-mobile-disabled=\"false\" class=\"elementor-section elementor-top-section elementor-element elementor-element-29bc48d elementor-section-boxed elementor-section-height-default elementor-section-height-default\" data-id=\"29bc48d\" data-element_type=\"section\">\n\t\t\t\t\t\t<div class=\"elementor-container elementor-column-gap-default\">\n\t\t\t\t\t<div class=\"elementor-column elementor-col-100 elementor-top-column elementor-element elementor-element-2e2a265\" data-id=\"2e2a265\" data-element_type=\"column\">\n\t\t\t<div class=\"elementor-widget-wrap elementor-element-populated\">\n\t\t\t\t\t\t<div class=\"elementor-element elementor-element-84fae00 elementor-widget elementor-widget-heading\" data-id=\"84fae00\" data-element_type=\"widget\" data-widget_type=\"heading.default\">\n\t\t\t\t<div class=\"elementor-widget-container\">\n\t\t\t\t\t<h1 class=\"elementor-heading-title elementor-size-default\">\u00dcber L\u00fcbeck<\/h1>\t\t\t\t<\/div>\n\t\t\t\t<\/div>\n\t\t\t\t\t<\/div>\n\t\t<\/div>\n\t\t\t\t\t<\/div>\n\t\t<\/section>\n\t\t\t\t<section data-particle_enable=\"false\" data-particle-mobile-disabled=\"false\" class=\"elementor-section elementor-top-section elementor-element elementor-element-669ad36 elementor-section-boxed elementor-section-height-default elementor-section-height-default\" data-id=\"669ad36\" data-element_type=\"section\">\n\t\t\t\t\t\t<div class=\"elementor-container elementor-column-gap-default\">\n\t\t\t\t\t<div class=\"elementor-column elementor-col-50 elementor-top-column elementor-element elementor-element-59a8c53\" data-id=\"59a8c53\" data-element_type=\"column\">\n\t\t\t<div class=\"elementor-widget-wrap elementor-element-populated\">\n\t\t\t\t\t\t<div class=\"elementor-element elementor-element-2b43762 elementor-widget elementor-widget-heading\" data-id=\"2b43762\" data-element_type=\"widget\" data-widget_type=\"heading.default\">\n\t\t\t\t<div class=\"elementor-widget-container\">\n\t\t\t\t\t<h2 class=\"elementor-heading-title elementor-size-default\">Willkommen in L\u00fcbeck<\/h2>\t\t\t\t<\/div>\n\t\t\t\t<\/div>\n\t\t\t\t<div class=\"elementor-element elementor-element-aefed5b elementor-widget elementor-widget-text-editor\" data-id=\"aefed5b\" data-element_type=\"widget\" data-widget_type=\"text-editor.default\">\n\t\t\t\t<div class=\"elementor-widget-container\">\n\t\t\t\t\t\t\t\t\t<p>Freudig, lebendig, gelassen \u2013 so ist L\u00fcbecks Herzschlag, der durch die verwinkelten Altstadtgassen pulsiert und die imposante Backsteinarchitektur der Altstadtinsel mit Leben f\u00fcllt. Unsere nordische Sch\u00f6nheit hat sich den Charme der urspr\u00fcnglichen Hafenstadt bewahrt und begr\u00fc\u00dft Sie ganz offen mit ihrem Leitspruch \u201eConcordia domi foris pax\u201c \u2013 Eintracht im Inneren, Frieden nach au\u00dfen. Ein Gef\u00fchl von Gemeinschaft begleitet Sie auf Ihrem Weg vorbei an den historischen Baudenkm\u00e4lern aus rotem Backstein.<br \/>Lassen Sie sich unbeschwert durch das UNESCO-Welterbe treiben, atmen Sie Geschichte, entdecken Sie Kunst und Kultur auch mal an unverhofften Orten und erleben Sie L\u00fcbecks Lebenselixier, die Wasserwege der Hansestadt bis hin zur Ostsee!<span><br \/><\/span><\/p>\t\t\t\t\t\t\t\t<\/div>\n\t\t\t\t<\/div>\n\t\t\t\t<div class=\"elementor-element elementor-element-bd4645e elementor-widget elementor-widget-heading\" data-id=\"bd4645e\" data-element_type=\"widget\" data-widget_type=\"heading.default\">\n\t\t\t\t<div class=\"elementor-widget-container\">\n\t\t\t\t\t<h2 class=\"elementor-heading-title elementor-size-default\">Die L\u00fcbecker Altstadt ist seit 1987 UNESCO Welterbe<\/h2>\t\t\t\t<\/div>\n\t\t\t\t<\/div>\n\t\t\t\t<div class=\"elementor-element elementor-element-bf11a90 elementor-widget elementor-widget-text-editor\" data-id=\"bf11a90\" data-element_type=\"widget\" data-widget_type=\"text-editor.default\">\n\t\t\t\t<div class=\"elementor-widget-container\">\n\t\t\t\t\t\t\t\t\t<p>Die UNESCO ernannte mit dem mittelalterlichen Stadtkern L\u00fcbecks erstmals in Nordeuropa ein ganzes Stadtquartier als Welterbe. Sogar die arch\u00e4ologischen Sch\u00e4tze im Untergrund geh\u00f6ren dazu. Damit wurde und wird dem historischen Denkmal der Altstadt ein au\u00dfergew\u00f6hnlicher universeller Wert beigemessen, der gem\u00e4\u00df der Definition des Welterbekomitees nicht nur f\u00fcr nationale oder lokale Gemeinschaften, sondern f\u00fcr die gesamte Menschheit Relevanz hat. Darauf sind die L\u00fcbecker:innen sehr stolz und \u00fcbernehmen damit gleichzeitig die Verpflichtung, das Welterbe L\u00fcbeck als Ort des interkulturellen Lernens und der Begegnung auch f\u00fcr zuk\u00fcnftige Generationen zu bewahren.<\/p>\t\t\t\t\t\t\t\t<\/div>\n\t\t\t\t<\/div>\n\t\t\t\t\t<\/div>\n\t\t<\/div>\n\t\t\t\t<div class=\"elementor-column elementor-col-50 elementor-top-column elementor-element elementor-element-89babae\" data-id=\"89babae\" data-element_type=\"column\">\n\t\t\t<div class=\"elementor-widget-wrap elementor-element-populated\">\n\t\t\t\t\t\t<div class=\"elementor-element elementor-element-d28e313 elementor-widget elementor-widget-image-carousel\" data-id=\"d28e313\" data-element_type=\"widget\" data-settings=\"{&quot;slides_to_show&quot;:&quot;1&quot;,&quot;navigation&quot;:&quot;none&quot;,&quot;pause_on_hover&quot;:&quot;no&quot;,&quot;pause_on_interaction&quot;:&quot;no&quot;,&quot;effect&quot;:&quot;fade&quot;,&quot;autoplay_speed&quot;:10000,&quot;speed&quot;:4000,&quot;autoplay&quot;:&quot;yes&quot;,&quot;infinite&quot;:&quot;yes&quot;}\" data-widget_type=\"image-carousel.default\">\n\t\t\t\t<div class=\"elementor-widget-container\">\n\t\t\t\t\t\t\t<div class=\"elementor-image-carousel-wrapper swiper\" role=\"region\" aria-roledescription=\"carousel\" aria-label=\"Bilderkarussell\" dir=\"ltr\">\n\t\t\t<div class=\"elementor-image-carousel swiper-wrapper swiper-image-stretch\" aria-live=\"off\">\n\t\t\t\t\t\t\t\t<div class=\"swiper-slide\" role=\"group\" aria-roledescription=\"slide\" aria-label=\"1 von 7\"><figure class=\"swiper-slide-inner\"><img decoding=\"async\" class=\"swiper-slide-image\" src=\"https:\/\/www.nordkongress-urologie.de\/2024\/wp-content\/uploads\/architecture-3057092_640.jpg\" alt=\"\u00a9 Ingo Jakubke auf Pixabay\" \/><figcaption class=\"elementor-image-carousel-caption\">\u00a9 Ingo Jakubke auf Pixabay<\/figcaption><\/figure><\/div><div class=\"swiper-slide\" role=\"group\" aria-roledescription=\"slide\" aria-label=\"2 von 7\"><figure class=\"swiper-slide-inner\"><img decoding=\"async\" class=\"swiper-slide-image\" src=\"https:\/\/www.nordkongress-urologie.de\/2024\/wp-content\/uploads\/building-4087941_640.jpg\" alt=\"\u00a9 Achim Scholty auf Pixabay\" \/><figcaption class=\"elementor-image-carousel-caption\">\u00a9 Achim Scholty auf Pixabay<\/figcaption><\/figure><\/div><div class=\"swiper-slide\" role=\"group\" aria-roledescription=\"slide\" aria-label=\"3 von 7\"><figure class=\"swiper-slide-inner\"><img decoding=\"async\" class=\"swiper-slide-image\" src=\"https:\/\/www.nordkongress-urologie.de\/2024\/wp-content\/uploads\/church-4048061_640.jpg\" alt=\"\u00a9 Achim Scholty auf Pixabay\" \/><figcaption class=\"elementor-image-carousel-caption\">\u00a9 Achim Scholty auf Pixabay<\/figcaption><\/figure><\/div><div class=\"swiper-slide\" role=\"group\" aria-roledescription=\"slide\" aria-label=\"4 von 7\"><figure class=\"swiper-slide-inner\"><img decoding=\"async\" class=\"swiper-slide-image\" src=\"https:\/\/www.nordkongress-urologie.de\/2024\/wp-content\/uploads\/lubeck-4081316_640.jpg\" alt=\"\u00a9 Achim Scholty auf Pixabay\" \/><figcaption class=\"elementor-image-carousel-caption\">\u00a9 Achim Scholty auf Pixabay<\/figcaption><\/figure><\/div><div class=\"swiper-slide\" role=\"group\" aria-roledescription=\"slide\" aria-label=\"5 von 7\"><figure class=\"swiper-slide-inner\"><img decoding=\"async\" class=\"swiper-slide-image\" src=\"https:\/\/www.nordkongress-urologie.de\/2024\/wp-content\/uploads\/lubeck-4087926_640.jpg\" alt=\"\u00a9 Achim Scholty auf Pixabay\" \/><figcaption class=\"elementor-image-carousel-caption\">\u00a9 Achim Scholty auf Pixabay<\/figcaption><\/figure><\/div><div class=\"swiper-slide\" role=\"group\" aria-roledescription=\"slide\" aria-label=\"6 von 7\"><figure class=\"swiper-slide-inner\"><img decoding=\"async\" class=\"swiper-slide-image\" src=\"https:\/\/www.nordkongress-urologie.de\/2024\/wp-content\/uploads\/lubeck-4088287_640.jpg\" alt=\"\u00a9 Achim Scholty auf Pixabay\" \/><figcaption class=\"elementor-image-carousel-caption\">\u00a9 Achim Scholty auf Pixabay<\/figcaption><\/figure><\/div><div class=\"swiper-slide\" role=\"group\" aria-roledescription=\"slide\" aria-label=\"7 von 7\"><figure class=\"swiper-slide-inner\"><img decoding=\"async\" class=\"swiper-slide-image\" src=\"https:\/\/www.nordkongress-urologie.de\/2024\/wp-content\/uploads\/ship-4088248_640.jpg\" alt=\"\u00a9 Achim Scholty auf Pixabay\" \/><figcaption class=\"elementor-image-carousel-caption\">\u00a9 Achim Scholty auf Pixabay<\/figcaption><\/figure><\/div>\t\t\t<\/div>\n\t\t\t\t\t\t\t\n\t\t\t\t\t\t\t\t\t<\/div>\n\t\t\t\t\t\t<\/div>\n\t\t\t\t<\/div>\n\t\t\t\t\t<\/div>\n\t\t<\/div>\n\t\t\t\t\t<\/div>\n\t\t<\/section>\n\t\t\t\t<\/div>\n\t\t","protected":false},"excerpt":{"rendered":"<p>\u00dcber L\u00fcbeck Willkommen in L\u00fcbeck Freudig, lebendig, gelassen \u2013 so ist L\u00fcbecks Herzschlag, der durch die verwinkelten Altstadtgassen pulsiert und die imposante Backsteinarchitektur der Altstadtinsel mit Leben f\u00fcllt. Unsere nordische Sch\u00f6nheit hat sich den Charme der urspr\u00fcnglichen Hafenstadt bewahrt und begr\u00fc\u00dft Sie ganz offen mit ihrem Leitspruch \u201eConcordia domi foris pax\u201c \u2013 Eintracht im Inneren, [&hellip;]<\/p>\n","protected":false},"author":9,"featured_media":0,"parent":1660,"menu_order":1,"comment_status":"closed","ping_status":"closed","template":"","meta":{"inline_featured_image":false,"ocean_post_layout":"","ocean_both_sidebars_style":"","ocean_both_sidebars_content_width":0,"ocean_both_sidebars_sidebars_width":0,"ocean_sidebar":"0","ocean_second_sidebar":"0","ocean_disable_margins":"enable","ocean_add_body_class":"","ocean_shortcode_before_top_bar":"","ocean_shortcode_after_top_bar":"","ocean_shortcode_before_header":"","ocean_shortcode_after_header":"","ocean_has_shortcode":"","ocean_shortcode_after_title":"","ocean_shortcode_before_footer_widgets":"","ocean_shortcode_after_footer_widgets":"","ocean_shortcode_before_footer_bottom":"","ocean_shortcode_after_footer_bottom":"","ocean_display_top_bar":"default","ocean_display_header":"default","ocean_header_style":"","ocean_center_header_left_menu":"0","ocean_custom_header_template":"0","ocean_custom_logo":0,"ocean_custom_retina_logo":0,"ocean_custom_logo_max_width":0,"ocean_custom_logo_tablet_max_width":0,"ocean_custom_logo_mobile_max_width":0,"ocean_custom_logo_max_height":0,"ocean_custom_logo_tablet_max_height":0,"ocean_custom_logo_mobile_max_height":0,"ocean_header_custom_menu":"0","ocean_menu_typo_font_family":"0","ocean_menu_typo_font_subset":"","ocean_menu_typo_font_size":0,"ocean_menu_typo_font_size_tablet":0,"ocean_menu_typo_font_size_mobile":0,"ocean_menu_typo_font_size_unit":"px","ocean_menu_typo_font_weight":"","ocean_menu_typo_font_weight_tablet":"","ocean_menu_typo_font_weight_mobile":"","ocean_menu_typo_transform":"","ocean_menu_typo_transform_tablet":"","ocean_menu_typo_transform_mobile":"","ocean_menu_typo_line_height":0,"ocean_menu_typo_line_height_tablet":0,"ocean_menu_typo_line_height_mobile":0,"ocean_menu_typo_line_height_unit":"","ocean_menu_typo_spacing":0,"ocean_menu_typo_spacing_tablet":0,"ocean_menu_typo_spacing_mobile":0,"ocean_menu_typo_spacing_unit":"","ocean_menu_link_color":"","ocean_menu_link_color_hover":"","ocean_menu_link_color_active":"","ocean_menu_link_background":"","ocean_menu_link_hover_background":"","ocean_menu_link_active_background":"","ocean_menu_social_links_bg":"","ocean_menu_social_hover_links_bg":"","ocean_menu_social_links_color":"","ocean_menu_social_hover_links_color":"","ocean_disable_title":"default","ocean_disable_heading":"default","ocean_post_title":"","ocean_post_subheading":"","ocean_post_title_style":"","ocean_post_title_background_color":"","ocean_post_title_background":0,"ocean_post_title_bg_image_position":"","ocean_post_title_bg_image_attachment":"","ocean_post_title_bg_image_repeat":"","ocean_post_title_bg_image_size":"","ocean_post_title_height":0,"ocean_post_title_bg_overlay":0.5,"ocean_post_title_bg_overlay_color":"","ocean_disable_breadcrumbs":"default","ocean_breadcrumbs_color":"","ocean_breadcrumbs_separator_color":"","ocean_breadcrumbs_links_color":"","ocean_breadcrumbs_links_hover_color":"","ocean_display_footer_widgets":"default","ocean_display_footer_bottom":"default","ocean_custom_footer_template":"0","footnotes":""},"class_list":["post-1831","page","type-page","status-publish","hentry","entry"],"yoast_head":"<!-- This site is optimized with the Yoast SEO plugin v26.7 - https:\/\/yoast.com\/wordpress\/plugins\/seo\/ -->\n<title>\u00dcber L\u00fcbeck - 18. Nordkongress Urologie<\/title>\n<meta name=\"robots\" content=\"index, follow, max-snippet:-1, max-image-preview:large, max-video-preview:-1\" \/>\n<link rel=\"canonical\" href=\"https:\/\/www.nordkongress-urologie.de\/2024\/veranstaltungsort\/ueber-luebeck\/\" \/>\n<meta property=\"og:locale\" content=\"de_DE\" \/>\n<meta property=\"og:type\" content=\"article\" \/>\n<meta property=\"og:title\" content=\"\u00dcber L\u00fcbeck - 18. Nordkongress Urologie\" \/>\n<meta property=\"og:description\" content=\"\u00dcber L\u00fcbeck Willkommen in L\u00fcbeck Freudig, lebendig, gelassen \u2013 so ist L\u00fcbecks Herzschlag, der durch die verwinkelten Altstadtgassen pulsiert und die imposante Backsteinarchitektur der Altstadtinsel mit Leben f\u00fcllt. Unsere nordische Sch\u00f6nheit hat sich den Charme der urspr\u00fcnglichen Hafenstadt bewahrt und begr\u00fc\u00dft Sie ganz offen mit ihrem Leitspruch \u201eConcordia domi foris pax\u201c \u2013 Eintracht im Inneren, [&hellip;]\" \/>\n<meta property=\"og:url\" content=\"https:\/\/www.nordkongress-urologie.de\/2024\/veranstaltungsort\/ueber-luebeck\/\" \/>\n<meta property=\"og:site_name\" content=\"18. Nordkongress Urologie\" \/>\n<meta property=\"article:modified_time\" content=\"2023-10-02T11:33:26+00:00\" \/>\n<meta property=\"og:image\" content=\"https:\/\/www.nordkongress-urologie.de\/2024\/wp-content\/uploads\/architecture-3057092_640.jpg\" \/>\n<meta name=\"twitter:card\" content=\"summary_large_image\" \/>\n<meta name=\"twitter:label1\" content=\"Gesch\u00e4tzte Lesezeit\" \/>\n\t<meta name=\"twitter:data1\" content=\"3\u00a0Minuten\" \/>\n<script type=\"application\/ld+json\" class=\"yoast-schema-graph\">{\"@context\":\"https:\/\/schema.org\",\"@graph\":[{\"@type\":\"WebPage\",\"@id\":\"https:\/\/www.nordkongress-urologie.de\/2024\/veranstaltungsort\/ueber-luebeck\/\",\"url\":\"https:\/\/www.nordkongress-urologie.de\/2024\/veranstaltungsort\/ueber-luebeck\/\",\"name\":\"\u00dcber L\u00fcbeck - 18. Nordkongress Urologie\",\"isPartOf\":{\"@id\":\"https:\/\/www.nordkongress-urologie.de\/2024\/#website\"},\"primaryImageOfPage\":{\"@id\":\"https:\/\/www.nordkongress-urologie.de\/2024\/veranstaltungsort\/ueber-luebeck\/#primaryimage\"},\"image\":{\"@id\":\"https:\/\/www.nordkongress-urologie.de\/2024\/veranstaltungsort\/ueber-luebeck\/#primaryimage\"},\"thumbnailUrl\":\"https:\/\/www.nordkongress-urologie.de\/2024\/wp-content\/uploads\/architecture-3057092_640.jpg\",\"datePublished\":\"2021-09-08T11:46:59+00:00\",\"dateModified\":\"2023-10-02T11:33:26+00:00\",\"breadcrumb\":{\"@id\":\"https:\/\/www.nordkongress-urologie.de\/2024\/veranstaltungsort\/ueber-luebeck\/#breadcrumb\"},\"inLanguage\":\"de\",\"potentialAction\":[{\"@type\":\"ReadAction\",\"target\":[\"https:\/\/www.nordkongress-urologie.de\/2024\/veranstaltungsort\/ueber-luebeck\/\"]}]},{\"@type\":\"ImageObject\",\"inLanguage\":\"de\",\"@id\":\"https:\/\/www.nordkongress-urologie.de\/2024\/veranstaltungsort\/ueber-luebeck\/#primaryimage\",\"url\":\"https:\/\/www.nordkongress-urologie.de\/2024\/wp-content\/uploads\/architecture-3057092_640.jpg\",\"contentUrl\":\"https:\/\/www.nordkongress-urologie.de\/2024\/wp-content\/uploads\/architecture-3057092_640.jpg\",\"width\":600,\"height\":400,\"caption\":\"\u00a9 Ingo Jakubke auf Pixabay\"},{\"@type\":\"BreadcrumbList\",\"@id\":\"https:\/\/www.nordkongress-urologie.de\/2024\/veranstaltungsort\/ueber-luebeck\/#breadcrumb\",\"itemListElement\":[{\"@type\":\"ListItem\",\"position\":1,\"name\":\"Startseite\",\"item\":\"https:\/\/www.nordkongress-urologie.de\/2024\/\"},{\"@type\":\"ListItem\",\"position\":2,\"name\":\"Veranstaltungsort\",\"item\":\"https:\/\/www.nordkongress-urologie.de\/2024\/veranstaltungsort\/\"},{\"@type\":\"ListItem\",\"position\":3,\"name\":\"\u00dcber L\u00fcbeck\"}]},{\"@type\":\"WebSite\",\"@id\":\"https:\/\/www.nordkongress-urologie.de\/2024\/#website\",\"url\":\"https:\/\/www.nordkongress-urologie.de\/2024\/\",\"name\":\"18. Nordkongress Urologie\",\"description\":\"&quot;Urologie in Bewegung: Ver\u00e4nderung annehmen, Leben verbessern!&quot; - 12. bis 14. Juni 2024 in L\u00fcbeck\",\"potentialAction\":[{\"@type\":\"SearchAction\",\"target\":{\"@type\":\"EntryPoint\",\"urlTemplate\":\"https:\/\/www.nordkongress-urologie.de\/2024\/?s={search_term_string}\"},\"query-input\":{\"@type\":\"PropertyValueSpecification\",\"valueRequired\":true,\"valueName\":\"search_term_string\"}}],\"inLanguage\":\"de\"}]}<\/script>\n<!-- \/ Yoast SEO plugin. -->","yoast_head_json":{"title":"\u00dcber L\u00fcbeck - 18. Nordkongress Urologie","robots":{"index":"index","follow":"follow","max-snippet":"max-snippet:-1","max-image-preview":"max-image-preview:large","max-video-preview":"max-video-preview:-1"},"canonical":"https:\/\/www.nordkongress-urologie.de\/2024\/veranstaltungsort\/ueber-luebeck\/","og_locale":"de_DE","og_type":"article","og_title":"\u00dcber L\u00fcbeck - 18. Nordkongress Urologie","og_description":"\u00dcber L\u00fcbeck Willkommen in L\u00fcbeck Freudig, lebendig, gelassen \u2013 so ist L\u00fcbecks Herzschlag, der durch die verwinkelten Altstadtgassen pulsiert und die imposante Backsteinarchitektur der Altstadtinsel mit Leben f\u00fcllt. Unsere nordische Sch\u00f6nheit hat sich den Charme der urspr\u00fcnglichen Hafenstadt bewahrt und begr\u00fc\u00dft Sie ganz offen mit ihrem Leitspruch \u201eConcordia domi foris pax\u201c \u2013 Eintracht im Inneren, [&hellip;]","og_url":"https:\/\/www.nordkongress-urologie.de\/2024\/veranstaltungsort\/ueber-luebeck\/","og_site_name":"18. Nordkongress Urologie","article_modified_time":"2023-10-02T11:33:26+00:00","og_image":[{"url":"https:\/\/www.nordkongress-urologie.de\/2024\/wp-content\/uploads\/architecture-3057092_640.jpg","type":"","width":"","height":""}],"twitter_card":"summary_large_image","twitter_misc":{"Gesch\u00e4tzte Lesezeit":"3\u00a0Minuten"},"schema":{"@context":"https:\/\/schema.org","@graph":[{"@type":"WebPage","@id":"https:\/\/www.nordkongress-urologie.de\/2024\/veranstaltungsort\/ueber-luebeck\/","url":"https:\/\/www.nordkongress-urologie.de\/2024\/veranstaltungsort\/ueber-luebeck\/","name":"\u00dcber L\u00fcbeck - 18. Nordkongress Urologie","isPartOf":{"@id":"https:\/\/www.nordkongress-urologie.de\/2024\/#website"},"primaryImageOfPage":{"@id":"https:\/\/www.nordkongress-urologie.de\/2024\/veranstaltungsort\/ueber-luebeck\/#primaryimage"},"image":{"@id":"https:\/\/www.nordkongress-urologie.de\/2024\/veranstaltungsort\/ueber-luebeck\/#primaryimage"},"thumbnailUrl":"https:\/\/www.nordkongress-urologie.de\/2024\/wp-content\/uploads\/architecture-3057092_640.jpg","datePublished":"2021-09-08T11:46:59+00:00","dateModified":"2023-10-02T11:33:26+00:00","breadcrumb":{"@id":"https:\/\/www.nordkongress-urologie.de\/2024\/veranstaltungsort\/ueber-luebeck\/#breadcrumb"},"inLanguage":"de","potentialAction":[{"@type":"ReadAction","target":["https:\/\/www.nordkongress-urologie.de\/2024\/veranstaltungsort\/ueber-luebeck\/"]}]},{"@type":"ImageObject","inLanguage":"de","@id":"https:\/\/www.nordkongress-urologie.de\/2024\/veranstaltungsort\/ueber-luebeck\/#primaryimage","url":"https:\/\/www.nordkongress-urologie.de\/2024\/wp-content\/uploads\/architecture-3057092_640.jpg","contentUrl":"https:\/\/www.nordkongress-urologie.de\/2024\/wp-content\/uploads\/architecture-3057092_640.jpg","width":600,"height":400,"caption":"\u00a9 Ingo Jakubke auf Pixabay"},{"@type":"BreadcrumbList","@id":"https:\/\/www.nordkongress-urologie.de\/2024\/veranstaltungsort\/ueber-luebeck\/#breadcrumb","itemListElement":[{"@type":"ListItem","position":1,"name":"Startseite","item":"https:\/\/www.nordkongress-urologie.de\/2024\/"},{"@type":"ListItem","position":2,"name":"Veranstaltungsort","item":"https:\/\/www.nordkongress-urologie.de\/2024\/veranstaltungsort\/"},{"@type":"ListItem","position":3,"name":"\u00dcber L\u00fcbeck"}]},{"@type":"WebSite","@id":"https:\/\/www.nordkongress-urologie.de\/2024\/#website","url":"https:\/\/www.nordkongress-urologie.de\/2024\/","name":"18. Nordkongress Urologie","description":"&quot;Urologie in Bewegung: Ver\u00e4nderung annehmen, Leben verbessern!&quot; - 12. bis 14. Juni 2024 in L\u00fcbeck","potentialAction":[{"@type":"SearchAction","target":{"@type":"EntryPoint","urlTemplate":"https:\/\/www.nordkongress-urologie.de\/2024\/?s={search_term_string}"},"query-input":{"@type":"PropertyValueSpecification","valueRequired":true,"valueName":"search_term_string"}}],"inLanguage":"de"}]}},"_links":{"self":[{"href":"https:\/\/www.nordkongress-urologie.de\/2024\/wp-json\/wp\/v2\/pages\/1831","targetHints":{"allow":["GET"]}}],"collection":[{"href":"https:\/\/www.nordkongress-urologie.de\/2024\/wp-json\/wp\/v2\/pages"}],"about":[{"href":"https:\/\/www.nordkongress-urologie.de\/2024\/wp-json\/wp\/v2\/types\/page"}],"author":[{"embeddable":true,"href":"https:\/\/www.nordkongress-urologie.de\/2024\/wp-json\/wp\/v2\/users\/9"}],"replies":[{"embeddable":true,"href":"https:\/\/www.nordkongress-urologie.de\/2024\/wp-json\/wp\/v2\/comments?post=1831"}],"version-history":[{"count":6,"href":"https:\/\/www.nordkongress-urologie.de\/2024\/wp-json\/wp\/v2\/pages\/1831\/revisions"}],"predecessor-version":[{"id":3794,"href":"https:\/\/www.nordkongress-urologie.de\/2024\/wp-json\/wp\/v2\/pages\/1831\/revisions\/3794"}],"up":[{"embeddable":true,"href":"https:\/\/www.nordkongress-urologie.de\/2024\/wp-json\/wp\/v2\/pages\/1660"}],"wp:attachment":[{"href":"https:\/\/www.nordkongress-urologie.de\/2024\/wp-json\/wp\/v2\/media?parent=1831"}],"curies":[{"name":"wp","href":"https:\/\/api.w.org\/{rel}","templated":true}]}}